-3 + 0)) + 5?
4
What is the value of 2 + -4 + 8 - 5?
1
(-48 - -40) + 0 + 2
-6
What is (-5 - 0) + (0 - -7)?
2
What is -2 + (-3 - (-4 - 4 - 3))?
6
Evaluate 4 - (10 + -4 + -5 - -1).
2
6 + -13 + 5 + (-1 - -1)
-2
Evaluate -1 + (-7 - (-9 - -2)).
-1
What is -4 - (-1 - (-1 + 4 - 2))?
-2
What is the value of -19 + 2 + 8 - -1?
-8
(1 - -5) + -18 + 16
4
Evaluate (21 + -8 - 5) + -4 + -1.
3
What is 5 - -1 - (-1 + 1 + 3)?
3
8 + -11 + 6 + (-2 - -1)
2
Evaluate 1 + 3 - (-2 + 0 - -1).
5
Evaluate (0 - 1) + 2 - (8 - 6).
-1
-4 + -1 + (11 - 11)
-5
What is the value of (2 - 2) + 3 - 1?
2
Evaluate 6 - (0 - (-2 - -3 - 5)).
2
2 + 11 + (11 - 16)
8
Evaluate (15 + -9 - 15) + 14.
5
What is the value of 15 + -14 + (-1 - -4)?
4
-9 + (-3 - -4) + -1 + 7
-2
-3 - (-2 + 3) - (-4 - 1)
1
(6 - 6) + 2 + -6
-4
Calculate -2 + (1 - 6) - (-3 - -1).
-5
Evaluate -1 - -8 - 5 - (0 + 10).
-8
What is the value of (4 - 4) + -13 + 5?
-8
Calculate 5 - ((-1 - (5 + -6)) + 2).
3
Calculate (2 - 6) + (17 - (-4 + 13)).
4
What is the value of 10 + -6 + -4 + -2?
-2
Calculate (-1 - 4 - 0) + 3.
-2
(3 - (5 + 0 - 0)) + 3
1
What is 4 + -5 - -4 - -5?
8
Calculate -1 - ((-4 - -6) + -2 + 0).
-1
What is 6 - ((-8 - -8) + 0)?
6
Calculate (2 - -3) + (-2 - -6).
9
What is the value of 44 + -47 + (-3 - (-1 + 1))?
-6
Evaluate 13 - (8 - (5 + -6)).
4
What is the value of -1 - 1 - (14 - 15)?
-1
1 - (-2 + (7 - 7))
3
Calculate -5 + 2 - 5 - (-16 + 12).
-4
Calculate -1 - (3 + -1) - (-18 + 9).
6
-9 + 2 + 2 - (4 - 2)
-7
Evaluate -5 + 6 + -1 + 5.
5
Calculate -7 + 9 - (-5 + 3 - -11).
-7
Evaluate 7 + 1 + 0 + 1.
9
Calculate (-8 - (-12 - -7)) + 2.
-1
Calculate (-35 - -33) + -3 + 0.
-5
Evaluate 7 - 1 - (-13 - -15).
4
Evaluate 2 + (1 - 0) + 2.
5
What is -18 + 9 + -2 + 4?
-7
22 - 20 - (8 - 2 - 2)
-2
Evaluate 2 + (1 + -14 - -6).
-5
What is -3 + (-5 - 0 - -6 - 2)?
-4
What is 9 + (7 - (4 - -6))?
6
What is -15 + (16 - 11 - -1)?
-9
Calculate -72 - -83 - (9 + 2).
0
12 + 3 + -6 - 8
1
What is the value of (6 - 4) + (-1 - 2) + 8?
7
3 - (-10 - -10) - (8 + -1)
-4
What is -11 - (4 + -7) - (2 + -3)?
-7
What is (2 - -2) + 3 + 2 + -5?
4
Evaluate 3 + -1 + -2 - (6 + 0).
-6
Calculate -2 + (-3 - -5 - 1) - -5.
4
What is the value of -10 - (-6 + 2) - -3?
-3
What is the value of -8 - -14 - (4 + (3 - 6))?
5
-3 - (1 + -2) - (2 - 8)
4
5 + -7 - (-6 + -1)
5
-2 + -8 - (125 + -146)
11
1 + 0 - 4 - (5 + -12)
4
5 + 2 + -6 + -6
-5
Calculate (-5 + 3 - -2) + 0 + 4.
4
Evaluate (-3 - 0) + 6 - 2 - 2.
-1
Calculate 6 + (5 + -4 - (0 - -4)).
3
Calculate (8 + -3 - -3) + -4.
4
What is -3 + (3 - 0) + -1?
-1
Evaluate (-1 - -2) + -2 + (-31 - -33).
1
2 - ((4 - 8) + (-1 - -12))
-5
(3 - 4) + 1 - 4
-4
Evaluate 6 - (14 + -19 + 3 + 8).
0
What is the value of 2 + -4 - (4 - 4)?
-2
Calculate 1 - (0 + (7 - 5)).
-1
Calculate -1 + 6 - -6 - 6.
5
Evaluate (3 - 3) + 0 + -4 + 4.
0
What is the value of 10 - 6 - (4 - 1)?
1
Evaluate 6 + ((4 - 4) + 4 - 13).
-3
What is (1 + -2 - -3) + -1 + 1?
2
What is the value of (3 - -2 - 2) + (-7 - -1)?
-3
-3 + (-8 + 1 - (-1 + -14))
5
What is (6 - (3 + 5)) + 7?
5
Evaluate -4 + 1 + 1 + 11 + -6.
3
27 + -33 + (1 - -7) + 5
7
What is (6 - (-5 - -9)) + (-1 - 0)?
1
What is the value of (-1 - -2) + -8 + 7?
0
What is 2 - 5 - (-6 + (-1 - -9))?
-5
Calculate 9 - (5 + -1) - (2 - -1).
2
What is the value of -20 - -10 - -8 - 6?
-8
Evaluate 1 - (-2 + (-8 - -2 - -8)).
1
Calculate 8 - ((-10 - -2) + 14).
2
Evaluate 7 + -6 + 5 + -3.
3
Evaluate (-2 - -1) + -6 + (1 - -9).
3
Evaluate 1 - (-3 + (-6 - (-4 - 0))).
6
What is the value of -9 + 4 - -6 - -1?
2
Evaluate 11 - (2 + (7 - -4)).
-2
Evaluate 1 + (-7 - -4 - (-3 + -2)).
3
What is the value of 3 + 2 + -5 - -4?
4
1 + -3 + (5 - 6)
-3
Evaluate -7 + 1 + (3 - (-5 + 4)).
-2
What is the value of -2 + (2 - (1 - -1))?
-2
What is the value of -1 + (1 - (4 + -2))?
-2
What is -2 - (-2 - (2 - 0))?
2
Evaluate -2 + (0 - (5 - (-4 + 5))).
-6
What is the value of -1 - (2 - 1 - (-3 - 0))?
-5
Calculate 81 + -80 + (-1 - (-1 + -5)).
6
What is the value of 1 + (0 - 2) + (0 - -2)?
1
What is 8 - (2 - 0 - (0 - 1))?
5
(1 - 1) + 9 - 0
9
What is the value of (-2 - (-3 + 0)) + (-5 - -4)?
0
Evaluate -3 + 4 - (0 - 1 - -6).
-4
Calculate -1 + (1 - (3 - 5)) - -2.
4
(0 - -5) + -1 - 7
-3
What is 1 + (-1 - 0) + -84 + 78?
-6
What is the value of 5 - (2 - 4 - -4)?
3
Evaluate (1 + 3 - 5) + (-1 - 0).
-2
Evaluate -3 + -1 + 1 + 6.
3
What is 1 - (5 - 1) - (70 - 70)?
-3
Calculate 4 - (3 - (-3 + 2)).
0
(2 - 9) + (32 - 23)
2
(0 + -3 - -1) + (1 - 1)
-2
(26 - 29) + 2 + 0 + 0
-1
(-6 - -8) + 0 + 1
3
Evaluate 4 - 0 - (0 + -2 + 2).
4
What is the value of 5 - (12 + -1 + -3)?
-3
Calculate (-2 - -1) + (-2 - (-5 - -8)).
-6
2 - ((-3 - (-3 + -3)) + 3)
-4
What is 5 - 9 - ((3 - 6) + -8)?
7
-3 - (-4 - -2 - (4 + 1))
4
What is 7 - (-1 - 2 - -10)?
0
2 + 0 - -2 - (-3 + 2)
5
Evaluate 3 + -8 + 5 - (-1 - -8).
-7
Evaluate 9 - (-5 + 13 - 1).
2
1 + -6 + 0 - (-10 - -10)
-5
What is -2 + 4 - (-2 + 5)?
-1
What is (1 - (4 + 1) - 0) + 6?
2
What is the value of (5 - 0) + 27 + -39?
-7
1 + -4 + (2 - -2)
1
Calculate 5 + -4 + -5 + 0 + 6.
2
0 - (-6 - (9 + -4 - 7))
4
What is -9 - (10 + -18 - -1)?
-2
Evaluate 8 + (2 - -1) - 7.
4
Calculate 2 - (3 + -3 + 0).
2
7 + -7 + -1 + 2 - 4
-3
Evaluate 0 - (1 - (2 - (2 - -2))).
-3
(6 - (-10 + 13)) + -6
-3
1 + (-2 - 0) + (-51 - -53)
1
What is the value of (-5 - (-2 + 2 + -5)) + -2?
-2
What is -7 + 4 - (2 - 7)?
2
What is the value of -7 - (0 + -3) - (-7 + 1)?
2
24 - 22 - (6 - -1)
-5
Evaluate (-9 - (-21 - -5)) + (-1 - 0).
6
What is -1 + (2 - -1) - 3?
-1
What is -4 + (1 - -7) + -6?
-2
What is the value of (9 - -4) + -8 - 3?
2
Evaluate -2 + 0 + -8 + 1 + 1.
-8
Calculate -9 - (-5 + -3 - 5).
4
What is -7 + 10 + 1 + 0?
4
Calculate -20 + 15 + -7 - -5.
-7
Evaluate 0 + (-2 - -1) + -2 + 6.
3
11 - (1 - 0) - 4
6
Evaluate 5 + (-1 + -1 - (32 + -31)).
2
What is the value of -3 - (-2 + -2 + 0)?
1
Evaluate 15 + -24 + (20 - 15).
-4
What is the value of 6 + 4 + -7 - (2 - -3)?
-2
-2 - 1 - (4 - 3)
-4
(-9 - -3 - -1) + 7
2
Evaluate (-16 - (-2 - 2)) + -19 + 26.
-5
What is -3 - (4 - 4 - 1 - -4)?
-6
What is the value of -8 + (-3 + 18 - 6)?
1
What is -15 + 19 - 1 - (8 + -1)?
-4
What is 3 - (-2 - 1 - (4 + -8))?
2
Evaluate (0 - 1) + 6 + (7 - 10).
2
Calculate (-2 - -2 - -1) + 3 - 5.
-1
Calculate 13 + (-4 - 6) + -10.
-7
What is the value of -8 + (1 - -5) - -1?
-1
What is -8 - -12 - (4 + -1 + -1)?
2
What is -11 + 11 + 10 - 0?
10
43 - 47 - (-11 + (1 - 2))
8
Calculate (7 - (3 - 0)) + -9.
-5
What is -7 - (0 - 4) - -8?
5
-1 + -1 - (-50 + 48) - -7
7
-2 + 3 - -4 - (-2 + 3)
4
What is -4 + 3 + 0 + 12 + -13?
-2
4 + 2 - (4 + 1 + -5)
6
What is the value of -3 + 0 + 2 + (1 - 1)?
-1
Calculate -1 + -3 - (-1 + (4 - 5)).
-2
Evaluate (0 - -13) + -1 + -5.
7
What is the value of (-5 - -1) + 1 - (-286 - -285)?
-2
What is 0 + -4 + -4 + 4 + 2?
-2
-2 + -3 + -8 + 4 + 1
-8
-22 + 22 - ((-1 - -1) + 2)
-2
What is the value of 2 - -1 - (5 - 14 - -16)?
-4
Calculate (-8 - 1) + 15 + -8.
-2
(-2 + 1 + 1 - -4) + -4
0
What is 8 + -2 + 9 + -3 + -6?
6
Calculate -3 - -3 - (-5 + 2 - -3).
0
(1 - -1) + -13 + 6
-5
Calculate 6 + (8 - 3) + -13.
-2
0 - 1 - (-36 - -29)
6
Calculate -3 - (2 + (-1 - 1) + -1).
-2
Calculate (1 + 4 - (36 - 35)) + -2.
2
What is the value of 10 + (0 - 6) + -2?
2
(12 - 6) + 1 + -6
1
3 + -10 + (-2 - -4)
-5
6 - (-6 + 2 - -7)
3
-12 + 0 - (-14 + (5 - -4))
-7
What is 4 + 5 + 12 + -13?
8
Calculate 16 - (-2 + (-1 - -2) + 7).
10
What is the value of 0 + (4 - 7) - 2?
-5
-9 + 3 + 6 + 8
8
Calculate 2 + 1 - 3 - 2 - 2.
-4
What is -15 + (6 + -18 - -18)?
-9
Evaluate 5 + 6 + -4 - 6.
1
What is -11 + 1 - (-13 + 4)?
-1
What is 1 + -4 + 2 + -2?
-3
-1 - (-15 + (-7 - -15) - 0)
6
1 - (4 - 1 - (-2 + -1))
-5
Calculate (0 - (-4 + 0)) + -4.
0
What is the value of -1 + (1 + -4 - -1)?
-3
Evaluate 6 - ((-7 - -15) + -7).
5
What is -5 + (7 - 7) + 3?
-2
Calculate 21 - ((-12 - -14) + 10).
9
What is the value of 3 + (2 + -4 - -3)?
4
Evaluate -3 - (0 - (2 + 0)).
-1
Evaluate (0 - 5) + 3 + (2 - 1).
-1
Evaluate 3 - ((1 - 5) + 0 + 1).
6
-2 + -2 + (38 - 28)
6
What is the value of 4 - 2 - 2 - (-2 + -1)?
3
-4 - (0 + 0 + -5)
1
Evaluate (-6 - -12 - 6) + (-3 - 3).
-6
What is the value of 8 + 3 - (3 - -3)?
5
Evaluate 2 + 2 - (-1 + 5 - -3).
-3
-1 + (-14 - -15) + (-7 - -1)
-6
Evaluate 3 - (7 + 4 - 13).
5
Calculate 3 - (1 + -2 + 9 + -6).
1
Calculate 0 + 0 - (11 + -3 + -9).
1
What is the v